[INFO] fetching crate linicon 2.0.0...
[INFO] checking linicon-2.0.0 against master#af3c6e733a40e671550e0f0f5aeecaa13772ba56 for pr-74989
[INFO] extracting crate linicon 2.0.0 into /workspace/builds/worker-12/source
[INFO] validating manifest of crates.io crate linicon 2.0.0 on toolchain af3c6e733a40e671550e0f0f5aeecaa13772ba56
[INFO] running `Command { std: "/workspace/cargo-home/bin/cargo" "+af3c6e733a40e671550e0f0f5aeecaa13772ba56" "read-manifest" "--manifest-path" "Cargo.toml", kill_on_drop: false }`
[INFO] started tweaking crates.io crate linicon 2.0.0
[INFO] finished tweaking crates.io crate linicon 2.0.0
[INFO] tweaked toml for crates.io crate linicon 2.0.0 written to /workspace/builds/worker-12/source/Cargo.toml
[INFO] crate crates.io crate linicon 2.0.0 already has a lockfile, it will not be regenerated
[INFO] running `Command { std: "/workspace/cargo-home/bin/cargo" "+af3c6e733a40e671550e0f0f5aeecaa13772ba56" "fetch" "--locked" "--manifest-path" "Cargo.toml", kill_on_drop: false }`
[INFO] [stderr]     Blocking waiting for file lock on package cache
[INFO] [stderr]     Blocking waiting for file lock on package cache
[INFO] running `Command { std: "docker" "create" "-v" "/var/lib/crater-agent-workspace/builds/worker-12/target:/opt/rustwide/target:rw,Z" "-v" "/var/lib/crater-agent-workspace/builds/worker-12/source:/opt/rustwide/workdir:ro,Z" "-v" "/var/lib/crater-agent-workspace/cargo-home:/opt/rustwide/cargo-home:ro,Z" "-v" "/var/lib/crater-agent-workspace/rustup-home:/opt/rustwide/rustup-home:ro,Z" "-e" "SOURCE_DIR=/opt/rustwide/workdir" "-e" "CARGO_TARGET_DIR=/opt/rustwide/target" "-e" "CARGO_HOME=/opt/rustwide/cargo-home" "-e" "RUSTUP_HOME=/opt/rustwide/rustup-home" "-w" "/opt/rustwide/workdir" "-m" "1610612736" "--user" "0:0" "--network" "none" "rustops/crates-build-env@sha256:d92eaeed33fa75130ca1ee6c8a01d1ffb62bac859dfdfb3450e3e5d1c0146529" "/opt/rustwide/cargo-home/bin/cargo" "+af3c6e733a40e671550e0f0f5aeecaa13772ba56" "metadata" "--no-deps" "--format-version=1", kill_on_drop: false }`
[INFO] [stdout] b86f36e15ef7e8cfdab746c44f47575206564300b20bc05c9d4d33ae382fff95
[INFO] [stderr] WARNING: Your kernel does not support swap limit capabilities or the cgroup is not mounted. Memory limited without swap.
[INFO] running `Command { std: "docker" "start" "-a" "b86f36e15ef7e8cfdab746c44f47575206564300b20bc05c9d4d33ae382fff95", kill_on_drop: false }`
[INFO] running `Command { std: "docker" "inspect" "b86f36e15ef7e8cfdab746c44f47575206564300b20bc05c9d4d33ae382fff95", kill_on_drop: false }`
[INFO] running `Command { std: "docker" "rm" "-f" "b86f36e15ef7e8cfdab746c44f47575206564300b20bc05c9d4d33ae382fff95", kill_on_drop: false }`
[INFO] [stdout] b86f36e15ef7e8cfdab746c44f47575206564300b20bc05c9d4d33ae382fff95
[INFO] running `Command { std: "docker" "create" "-v" "/var/lib/crater-agent-workspace/builds/worker-12/target:/opt/rustwide/target:rw,Z" "-v" "/var/lib/crater-agent-workspace/builds/worker-12/source:/opt/rustwide/workdir:ro,Z" "-v" "/var/lib/crater-agent-workspace/cargo-home:/opt/rustwide/cargo-home:ro,Z" "-v" "/var/lib/crater-agent-workspace/rustup-home:/opt/rustwide/rustup-home:ro,Z" "-e" "SOURCE_DIR=/opt/rustwide/workdir" "-e" "CARGO_TARGET_DIR=/opt/rustwide/target" "-e" "CARGO_INCREMENTAL=0" "-e" "RUST_BACKTRACE=full" "-e" "RUSTFLAGS=--cap-lints=forbid" "-e" "CARGO_HOME=/opt/rustwide/cargo-home" "-e" "RUSTUP_HOME=/opt/rustwide/rustup-home" "-w" "/opt/rustwide/workdir" "-m" "1610612736" "--user" "0:0" "--network" "none" "rustops/crates-build-env@sha256:d92eaeed33fa75130ca1ee6c8a01d1ffb62bac859dfdfb3450e3e5d1c0146529" "/opt/rustwide/cargo-home/bin/cargo" "+af3c6e733a40e671550e0f0f5aeecaa13772ba56" "check" "--frozen" "--all" "--all-targets" "--message-format=json", kill_on_drop: false }`
[INFO] [stdout] 825322742ee21a6cc1e6c720c1446616349a6019e3b95d28f69cf35e2872696d
[INFO] [stderr] WARNING: Your kernel does not support swap limit capabilities or the cgroup is not mounted. Memory limited without swap.
[INFO] running `Command { std: "docker" "start" "-a" "825322742ee21a6cc1e6c720c1446616349a6019e3b95d28f69cf35e2872696d", kill_on_drop: false }`
[INFO] [stderr]     Checking cfg-if v0.1.10
[INFO] [stderr]    Compiling libc v0.2.74
[INFO] [stderr]    Compiling syn v1.0.38
[INFO] [stderr]    Compiling serde v1.0.115
[INFO] [stderr]    Compiling semver-parser v0.7.0
[INFO] [stderr]    Compiling byteorder v1.3.4
[INFO] [stderr]    Compiling lexical-core v0.7.4
[INFO] [stderr]     Checking arrayvec v0.5.1
[INFO] [stderr]     Checking either v1.6.0
[INFO] [stderr]    Compiling nix v0.17.0
[INFO] [stderr]    Compiling serde_derive v1.0.115
[INFO] [stderr]     Checking void v1.0.2
[INFO] [stderr]     Checking half v1.6.0
[INFO] [stderr]     Checking oorandom v11.1.2
[INFO] [stderr]    Compiling hashbrown v0.7.2
[INFO] [stderr]    Compiling num-traits v0.2.12
[INFO] [stderr]    Compiling nom v5.1.2
[INFO] [stderr]     Checking crossbeam-utils v0.7.2
[INFO] [stderr]     Checking clap v2.33.2
[INFO] [stderr]     Checking itertools v0.9.0
[INFO] [stderr]    Compiling semver v0.9.0
[INFO] [stderr]     Checking crossbeam-epoch v0.8.2
[INFO] [stderr]     Checking crossbeam-queue v0.2.3
[INFO] [stderr]    Compiling rustc_version v0.2.3
[INFO] [stderr]     Checking crossbeam-deque v0.7.3
[INFO] [stderr]     Checking regex-automata v0.1.9
[INFO] [stderr]    Compiling cast v0.2.3
[INFO] [stderr]     Checking criterion-plot v0.4.3
[INFO] [stderr]     Checking plotters v0.2.15
[INFO] [stderr]     Checking getrandom v0.1.14
[INFO] [stderr]     Checking num_cpus v1.13.0
[INFO] [stderr]     Checking atty v0.2.14
[INFO] [stderr]     Checking memmap2 v0.1.0
[INFO] [stderr]     Checking rayon-core v1.7.1
[INFO] [stderr]     Checking rand_core v0.5.1
[INFO] [stderr]     Checking rand_chacha v0.2.2
[INFO] [stderr]     Checking rayon v1.3.1
[INFO] [stderr]     Checking rand v0.7.3
[INFO] [stderr]     Checking dlv-list v0.2.2
[INFO] [stderr]     Checking ordered-multimap v0.2.4
[INFO] [stderr]     Checking bstr v0.2.13
[INFO] [stderr]     Checking serde_json v1.0.57
[INFO] [stderr]     Checking serde_cbor v0.11.1
[INFO] [stderr]     Checking rust-ini v0.15.3
[INFO] [stderr]     Checking file-locker v1.0.4
[INFO] [stderr]     Checking csv v1.1.3
[INFO] [stderr]     Checking tinytemplate v1.1.0
[INFO] [stderr]    Compiling thiserror-impl v1.0.20
[INFO] [stderr]     Checking thiserror v1.0.20
[INFO] [stderr]     Checking freedesktop_entry_parser v1.1.0
[INFO] [stderr]     Checking linicon-theme v1.0.1
[INFO] [stderr]     Checking linicon v2.0.0 (/opt/rustwide/workdir)
[INFO] [stderr]     Checking criterion v0.3.3
[INFO] [stdout] error[E0061]: this function takes 1 argument but 4 arguments were supplied
[INFO] [stdout]   --> benches/icon_lookups.rs:11:5
[INFO] [stdout]    |
[INFO] [stdout] 11 |     lookup_icon(theme_name, icon_name, size, scale)
[INFO] [stdout]    |     ^^^^^^^^^^^ ----------  ---------  ----  ----- supplied 4 arguments
[INFO] [stdout]    |     |
[INFO] [stdout]    |     expected 1 argument
[INFO] [stdout] 
[INFO] [stdout] 
[INFO] [stdout] error[E0599]: no method named `unwrap` found for struct `IconIter<'_>` in the current scope
[INFO] [stdout]   --> benches/icon_lookups.rs:12:10
[INFO] [stdout]    |
[INFO] [stdout] 12 |         .unwrap()
[INFO] [stdout]    |          ^^^^^^ method not found in `IconIter<'_>`
[INFO] [stdout] 
[INFO] [stdout] 
[INFO] [stdout] error[E0061]: this function takes 1 argument but 4 arguments were supplied
[INFO] [stdout]   --> benches/icon_lookups.rs:45:5
[INFO] [stdout]    |
[INFO] [stdout] 45 |     lookup_icon(theme_name, icon_name, size, scale)
[INFO] [stdout]    |     ^^^^^^^^^^^ ----------  ---------  ----  ----- supplied 4 arguments
[INFO] [stdout]    |     |
[INFO] [stdout]    |     expected 1 argument
[INFO] [stdout] 
[INFO] [stdout] 
[INFO] [stdout] error[E0599]: no method named `unwrap` found for struct `IconIter<'_>` in the current scope
[INFO] [stdout]   --> benches/icon_lookups.rs:46:10
[INFO] [stdout]    |
[INFO] [stdout] 46 |         .unwrap()
[INFO] [stdout]    |          ^^^^^^ method not found in `IconIter<'_>`
[INFO] [stdout] 
[INFO] [stdout] 
[INFO] [stdout] error: aborting due to 4 previous errors
[INFO] [stdout] 
[INFO] [stdout] 
[INFO] [stdout] Some errors have detailed explanations: E0061, E0599.
[INFO] [stdout] 
[INFO] [stdout] For more information about an error, try `rustc --explain E0061`.
[INFO] [stdout] 
[INFO] [stderr] error: could not compile `linicon`.
[INFO] [stderr] 
[INFO] [stderr] To learn more, run the command again with --verbose.
[INFO] [stderr] warning: build failed, waiting for other jobs to finish...
[INFO] [stderr] error: build failed
[INFO] running `Command { std: "docker" "inspect" "825322742ee21a6cc1e6c720c1446616349a6019e3b95d28f69cf35e2872696d", kill_on_drop: false }`
[INFO] running `Command { std: "docker" "rm" "-f" "825322742ee21a6cc1e6c720c1446616349a6019e3b95d28f69cf35e2872696d", kill_on_drop: false }`
[INFO] [stdout] 825322742ee21a6cc1e6c720c1446616349a6019e3b95d28f69cf35e2872696d
